 - 7*q - 9. Let n be ((-4)/6)/(6/54). Calculate c(n).
-3
Suppose -4*i = 4*v, -2*i - v - 2 = -0. Let f(k) = -9050 + 4427 - 7*k**2 + 4624 - k. Calculate f(i).
-25
Suppose -10*y + 64 + 16 = 0. Let q be (5 - 42/y)*-28. Let z(b) be the first derivative of b**2/2 - 15*b - 1. What is z(q)?
-8
Let t(y) = -20600 - 31*y + 20513 - 2*y. Determine t(-4).
45
Let l(q) = -3*q**3 + 13*q**2 - 9*q + 7. Let g be 3*(4 - (6 - 1)). Let v(u) = -4*u**3 + 14*u**2 - 8*u + 7. Let d(x) = g*l(x) + 2*v(x). Determine d(10).
3
Suppose 76 - 4 = 18*a. Suppose 4 = -3*x + 4*p - 2, a*x + 3*p = -8. Let j(q) = 1 + q**2 - 4*q**3 + 2*q**3 + q**3 + 3*q. What is j(x)?
7
Let c(q) = -1. Let o(p) = p - 4. Let z = -17 + 27. Let m be o(z). Let h(y) = -y - 2. Let v(n) = m*c(n) - 3*h(n). What is v(3)?
9
Let m(x) = -4*x + 5*x + 2*x - x - 7*x. Let u(i) = i - 3. Let y(z) = m(z) + 4*u(z). Calculate y(-12).
0
Let p = -120 + 498. Let q be 4/14 + (-2 - p/(-49)). Let a(m) = 0 - m**2 - 2*m + 2*m**2 - 4. What is a(q)?
20
Let u(p) = -p**2 - 12*p - 35. Let k be u(-8). Let q(x) = 3*x + 1. Let m(o) = -13*o - 3. Let d(g) = -2*m(g) - 9*q(g). Give d(k).
0
Suppose -3*t - m = 347, 32*t - 5*m - 481 = 36*t. Let b be 408/(-108) + (4 - t/(-27)). Let q(v) = -6*v - 6. Give q(b).
18
Let k = 18 - 13. Let z(u) = 948*u - 11. Let m(x) = -271*x + 4. Let v(o) = -7*m(o) - 2*z(o). Calculate v(k).
-1
Let n be (-114)/(-722) + (-1176)/(-133). Let x(c) = -5*c + 52. Give x(n).
7
Let a be (2/(-6))/(2/(-216)). Suppose -5 = 2*q + 5*j - a, 0 = 4*q - 4*j + 8. Let l(u) = -u**3 + u**2 + 4*u - 4. Calculate l(q).
-10
Let j(w) = -261 - 274 - 275 + 4*w + 956. Give j(-36).
2
Let y(g) = -12*g**2 + 34*g + 1. Let f(a) = 2*a**3 - 91*a**2 - 449*a - 47. Let z be f(50). Determine y(z).
-5
Let u(c) be the third derivative of c**6/30 - c**5/60 + c**4/24 + 18*c**2 + c. Suppose -2*r = 7*r - 9. What is u(r)?
4
Let x(a) be the third derivative of -a**5/30 - a**3/6 - 43*a**2. Let d = 4 + -14. Let u be (-2*1)/(d/(-35)*7). What is x(u)?
-3
Suppose 7*h = -16*h - 1541. Let y = h - -68. Let g(j) = -2*j**3 + j**2 + j. Calculate g(y).
0
Let v(g) = g**2 - 8*g + 5. Let h be 199/3 - (-40)/(-120). Let l be 1/(-5) - (-4 + h/(-30)). Determine v(l).
-7
Let u = -5011 - -4981. Let v(t) = -t**3 - 31*t**2 - 32*t - 53. Determine v(u).
7
Let t(s) = s**3 - 22*s**2 + 0*s**3 - 45 + 7284*s - 14612*s - 2*s**3 + 7305*s. Calculate t(-21).
-3
Let r = -130 - -126. Let k(f) = -f**2 - f + 4. Let t be k(-2). Let s(y) = 4 + 2*y**3 - 5*y**3 + t*y**3 - 2 - 2*y**2 + 6*y. Give s(r).
10
Let z(p) = -3*p**2 + 7. Let j be (12 - 7)/(1 - 2) + 15. Suppose j*l + 24 = 18*l. Give z(l).
-20
Suppose -2*s = 4*s - 6. Let z(f) = 0 - 3937*f - 4 + 3954*f + 3. Determine z(s).
16
Let t(f) = -5*f**3 + 59*f**2 + 11*f + 25. Let i(h) = h**3 - 16*h**2 - h - 1. Let o(v) = -4*i(v) - t(v). What is o(-6)?
-15
Let o(b) = 8*b**3 + 3*b**2 + b + 3. Let d be o(-3). Let w be (-4)/18 - (-336)/d. Let v(s) = -3*s**2 - 2. Determine v(w).
-14
Let f(t) be the second derivative of -t**4/12 - 2*t**3/3 + 207*t - 3. Calculate f(-5).
-5
Let t = 7 + 1. Suppose 6*a - t*a = -4. Let r(l) be the third derivative of l**6/120 - l**5/15 + l**4/12 + l**3/6 + 2*l**2 + 115. Determine r(a).
-3
Let r(b) = b**2 + 22. Suppose 0 = 14*y - 26*y - 11*y. Calculate r(y).
22
Let w(s) = -s**3 + 11*s**2 + s - 2. Suppose -127*u + 131*u = 808. Suppose 201*m - u*m = -11. Calculate w(m).
9
Let f = 161 - 80. Let z = 83 - f. Let d(h) = 11 - h**z + 9*h - 9 - 10. Determine d(7).
6
Let u(t) = 3*t - 5*t + 3*t + 4 - 2. Let c be 7 + -2 + -2*91/14. Give u(c).
-6
Let s(c) = 124*c**2 - 44*c**2 + 2*c - 2*c**3 - 80*c**2 + 14. Determine s(0).
14
Let n(f) = -13*f**3 + 6*f**2 - 3*f + 3. Let q(v) = -18*v**3 + 9*v**2 - 4*v + 5. Let l(o) = 7*n(o) - 5*q(o). Determine l(-4).
16
Let n be 975/(-12)*((-18 - 6) + 8). Let o = n - 1314. Let k(u) be the second derivative of -u**4/12 - 8*u**3/3 - 10*u**2 - u. Give k(o).
8
Let r(w) be the first derivative of w**6/120 - w**5/20 - w**4/6 - 2*w**3/3 - 39*w**2 - 9. Let c(o) be the second derivative of r(o). What is c(4)?
-4
Suppose -n - x + 5 = -0*n, 2 = x. Let a be (-119)/(-35) - n/(-5). Let s(b) = a + 3*b**2 - 3 + b + b**3 + 2*b. Determine s(-2).
-1
Let p(j) be the third derivative of j**8/20160 + j**6/80 - j**5/10 - 6*j**2. Let t(v) be the third derivative of p(v). Let w = -502 + 502. What is t(w)?
9
Suppose 3*l - 10 = 2*r - 28, -2*r - l + 18 = 0. Let a(i) = r + 4*i + 3 - 15 - 2*i. Determine a(4).
5
Suppose 6*u - 19 = 11. Suppose g = 2*k - 2 - 5, u*g = -5. Let c(x) = -3*x + 6. What is c(k)?
-3
Let q(x) = x**2 + 3*x - 3. Let r(y) = 2*y**2 + 5*y - 4. Let z(b) = 5*q(b) - 2*r(b). Give z(-5).
-7
Let h(b) = 0*b**2 - 7848*b + 7858*b + 0 + 0 + 2*b**2. Determine h(-6).
12
Let t(y) = 269 - 284 + 5*y**2 + 8*y**2 - 12*y**2. Determine t(5).
10
Let a(r) = -r**3 - 20*r**2 - 21*r - 36. Let h be a(-19). Let l(i) = 2*i**2 + h*i**2 - 2*i**3 - 1 - 5*i + i**2 - 12*i**2. Give l(-4).
35
Suppose -c + 3*h + 15 = 0, 4*c - 2*h = 35 - 5. Suppose 36 = -3*j - c*j. Let t(y) = y**2 + 7*y + 6. Give t(j).
-6
Let y(h) be the third derivative of -h**6/240 - h**5/12 + h**4/24 - h**3/6 + 8*h**2 - 3*h. Let o(v) be the second derivative of y(v). Calculate o(-7).
11
Let f be ((-39)/6)/((-3)/6). Suppose -14*w + f*w = -2. Let v(l) = -w + 4 - 2 - 3*l - 6. Determine v(-6).
12
Let w be ((-1)/(2/3))/(18/(-12)). Let z be (-5 + 80/15)/(w/(-3)). Let b(x) = -12*x**3 + x**2 + x + 1. Give b(z).
13
Suppose -15*f - 136 = -217 + 231. Let k(t) = 23*t + 240. Calculate k(f).
10
Let z be (-2 + 1)/((-291)/18 - (193 - 209)). Let f(l) = -l - 7. Let n be f(-7). Let i(a) = -a**3 + n*a**3 + 7*a + 5*a**2 + 5 - 1. Determine i(z).
10
Suppose 4*i + 4*t + 44 = 0, 9*i + 4 = 5*i + 4*t. Let l(b) be the second derivative of -b**3/6 - b**2 - 10*b. Calculate l(i).
4
Suppose 0*u = -21*u + 126. Let g(y) = -2*y + y**3 + 20*y**2 + 27*y**2 + 1 - 54*y**2 + 9*y. Give g(u).
7
Let n = -1374 + 1367. Let d(w) = -2 + 4*w**3 - w**3 - 4*w**3 - 6*w**2 + 5*w. Calculate d(n).
12
Suppose 3*k - 1 = -r, -517*r + 521*r = 3*k - 41. Let y(x) = -7*x + 3. Let f(q) = -36*q + 15. Let d(n) = 4*f(n) - 21*y(n). Determine d(k).
6
Let i(x) = -27*x - 194. Let t be i(-7). Let c(r) = -r**3 - 2*r**2 + 9*r + 16. What is c(t)?
46
Let n(c) = 3*c + 700*c**2 - 367*c**2 + 1 - 347*c**2. What is n(1)?
-10
Let u(a) = 49 + 0*a - 233 - 2*a**3 - 2*a**2 + 3*a**3 - 2*a + 170. Calculate u(0).
-14
Let x(n) be the second derivative of 5*n**4/6 - n**3/3 + n**2/2 + n. Let j(s) = 244*s - 1707. Let a be j(7). What is x(a)?
9
Let s(g) be the third derivative of 0 + 1/12*g**4 + 0*g - 11/3*g**3 + 136*g**2. Calculate s(9).
-4
Suppose -2*h - 4*j = -12, 0*j + 12 = 4*j. Suppose -3*u = -h*u. Let l(c) = -7*c + 66. Let d(q) = -50*q + 473. Let t(s) = 6*d(s) - 43*l(s). Calculate t(u).
0
Suppose -2*x - 4 + 32 = 0. Let u be (8/(-14) + 2)*x. Let g be (u/(-6))/((-6)/(-9)). Let w(q) = -q + 4. What is w(g)?
9
Let o(y) = y**2 + 9*y + 17. Let n be o(-6). Let r(v) = -4*v**3 - 12*v + 3. Let w(f) = -f**3 - 7*f + 2. Let z(c) = -3*r(c) + 5*w(c). Determine z(n).
-7
Let n(a) = -8*a - 51. Suppose -16*x + 17*x - 2 = 0, 0 = 3*y - 2*x + 22. What is n(y)?
-3
Let q(p) be the first derivative of 0*p - 13*p**2 - 19*p**2 - 56 + 34*p**2 + 4*p. Calculate q(-6).
-20
Let y(n) be the third derivative of -n**6/120 + n**5/15 + n**4/6 - 7*n**3/6 + 7*n**2 + 101*n. What is y(6)?
-55
Let c(h) = 5*h**3 - 30*h**2 + 5*h + 80. Let g(l) = l**3 - 6*l**2 + 16. Let q(m) = -2*c(m) + 11*g(m). What is q(7)?
-5
Suppose -2*s + 27 = 2*u - 7*s, 3*u - 28 = 5*s. Let d(x) = 28*x + 4 - 31*x - 3*x**2 + u - 4. Calculate d(-3).
-17
Let u = -14 + 5. Let d be (6/u)/((-4)/18). Let x(n) = -37*n + 27*n + 3 + 11*n - 2. What is x(d)?
4
Let b(j) = -j**2 + 1. Let z(a) = -4*a**2 - a - 4. Let v be -4*2/2 - (8 + -8). Let o(i) = v*b(i) - z(i). Calculate o(-1).
7
Let h(p) be the second derivative of p**4/12 + p**2/2 - 12*p. Let n(k) = -3*k + 5 + 5*k**2 + 0*k**2 - 3*k**2 + 2*k. Let u(x) = -h(x) + n(x). Calculate u(0).
4
Let t be (2 - -1) + (-3)/(3 - 2). Suppose 2 = v - t. Let s(o) = o**3 - 2*o - 1. Let x be s(v). Let z(i) = i**2 - 4*i + 4. Calculate z(x).
1
Suppose 12*p - 3*p = -4*p - 52. Let r(v) = 5*v + 28. Determine r(p).
8
Let k(w) = 12*w + 11*w**2 + 6*w**3 - 1000 - 984 + 1933 - 5*w**3. Calculate k(-9).
3
Let d(z) = -8 - 3 - 13*z + 3 + 7*z + z**3 - 2